{"id":301,"date":"2017-06-09T07:52:41","date_gmt":"2017-06-09T07:52:41","guid":{"rendered":"https:\/\/victorthemes.com\/themes\/roof\/?page_id=301"},"modified":"2024-05-21T17:57:58","modified_gmt":"2024-05-21T17:57:58","slug":"hakkimizda","status":"publish","type":"page","link":"https:\/\/mobillastikcim.com\/index.php\/hakkimizda\/","title":{"rendered":"HAKKIMIZDA"},"content":{"rendered":"<div class=\"wpb-content-wrapper\"><p>[vc_row][vc_column]<div class=\"about-wrap about-one about-69d0f1d0de4ba \"><div class=\"roof-picture\"><img decoding=\"async\" src=\"https:\/\/mobillastikcim.com\/wp-content\/uploads\/2024\/05\/gokhanabi.png\" alt=\"Author\"><\/div><div class=\"about-info \"><h5>ENKA OTO LAST\u0130K ve JANT<\/h5><h3>G\u00d6KHAN ENKA OTOLAST\u0130K KURUCUSU \/ SEO<\/h3><h3>Profesyonel ve Dinamik Kal\u0131yoruz ve En \u0130yi \u00c7\u00f6z\u00fcm\u00fc Buluyoruz<\/h3>\n<a href=\"https:\/\/enkaotolastik.com\/index.php\/iletisim\/\" class=\"roof-btn\">\u0130LET\u0130\u015e\u0130M<\/a><\/div><\/div>[vc_empty_space][vc_custom_heading text=&#8221;Biz Kimiz&#8221; font_container=&#8221;tag:h2|text_align:left|color:%23232323&#8243; google_fonts=&#8221;font_family:Raleway%3A100%2C200%2C300%2Cregular%2C500%2C600%2C700%2C800%2C900|font_style:700%20bold%20regular%3A700%3Anormal&#8221; css=&#8221;&#8221;][vc_column_text css=&#8221;.vc_custom_1716141223871{margin-top: 25px !important;margin-bottom: 25px !important;}&#8221;]<\/p>\n<h5>2011 Y\u0131l\u0131ndan itibaren sekt\u00f6rde sat\u0131\u015f ,pazarlama ve teknik hizmet alanlar\u0131nda lider \u00fcreticilerde profesyonel olarak \u00e7al\u0131\u015ft\u0131ktan sonra ,2017 Tarihinde Ticari faaliyete ba\u015flayan firmam\u0131z LASSA-BRIDGESTONE BAY\u0130L\u0130\u011e\u0130N\u0130 yapmaktad\u0131r.<\/h5>\n<h5>ENKA OTO LAST\u0130K\u00a0 T\u00fcrkiye\u2019de Lassa ve Bridgestone lastiklerinin \u00fcretimini ger\u00e7ekle\u015ftiren Brisa\u2019n\u0131n\u00a0 bayili\u011fini yapmaktad\u0131r.<\/h5>\n<p>[\/vc_column_text][\/vc_column][\/vc_row][vc_row][vc_column][vc_empty_space][\/vc_column][\/vc_row][vc_row overlay_dotted=&#8221;&#8221;][vc_column width=&#8221;1\/2&#8243;][vc_custom_heading text=&#8221;Neden Bizi Se\u00e7melisiniz?&#8221; font_container=&#8221;tag:h2|text_align:left|color:%23232323&#8243; google_fonts=&#8221;font_family:Raleway%3A100%2C200%2C300%2Cregular%2C500%2C600%2C700%2C800%2C900|font_style:700%20bold%20regular%3A700%3Anormal&#8221; css=&#8221;&#8221;]<ul class=\"square-bullets  roof-list-69d0f1d0de6f4\"><li>Uzman Kadro<\/li><li>Son Teknoloji Ekipmanlar<\/li><li>Uygun Fiyat<\/li><li>Profosional Servis<\/li><li>7\/24 TEKN\u0130K SERV\u0130S H\u0130ZMET\u0130<\/li><li>7\/24 YOL YARDIM H\u0130ZMET\u0130<\/li><\/ul>[\/vc_column][vc_column width=&#8221;1\/2&#8243;][vc_custom_heading text=&#8221;S\u0131k Sorulan Sorular&#8221; font_container=&#8221;tag:h2|text_align:left|color:%23232323&#8243; google_fonts=&#8221;font_family:Raleway%3A100%2C200%2C300%2Cregular%2C500%2C600%2C700%2C800%2C900|font_style:700%20bold%20regular%3A700%3Anormal&#8221; css=&#8221;&#8221;]<div class=\"roof-questions  collapse-others\"><div class=\"accordion\" id=\"accordion-lastik-tarihi-hangi-yila-ait-nereden-bulabilirim0\" role=\"tablist\" aria-multiselectable=\"true\"><div class=\"card panel panel-default\"><div class=\"panel-heading show\"><h4 class=\"panel-title accordion-title\"><button class=\"btn btn-link panel-title accordion-toggle \" data-toggle=\"collapse\" data-target=\"#blsptAcc-069d0f1d0de80e\" aria-expanded=\"true\" aria-controls=\"blsptAcc-069d0f1d0de80e\"><strong>Lastik Tarihi (Hangi Y\u0131la Ait) Nereden Bulabilirim<\/strong><\/button><\/h4><\/div><div id=\"blsptAcc-069d0f1d0de80e\" class=\"panel-collapse collapse show\"><div class=\"card-body panel-body panel-content\">[vc_custom_heading text=&#8221;Lasti\u011fin \u00fczerinde oval bir \u00e7er\u00e7evenin i\u00e7erisinde 4 haneli bir say\u0131 g\u00f6receksiniz. Bunlardan ilk iki hanesi, lasti\u011fin y\u0131l\u0131n ka\u00e7\u0131nc\u0131 haftas\u0131nda \u00fcretildi\u011fini son iki hanesi ise hangi y\u0131l \u00fcretildi\u011fini g\u00f6sterir.<\/p>\n<p>Peki lasti\u011finiz k\u0131\u015f lasti\u011fi mi, 4 mevsim lastik mi nas\u0131l anlayacaks\u0131n\u0131z? K\u0131\u015f lastiklerinin \u00fczerinde baz\u0131 semboller oluyor ama as\u0131l dikkat edilmesi gereken \u201ci\u00e7inde kar tanesi olan da\u011f\u201d sembol\u00fc. Bu sembol lasti\u011finizin k\u0131\u015f lasti\u011fi oldu\u011funu ifade ediyor. Bu sembol\u00fc bulundurmak i\u00e7in lastik \u00fcreticisinin uluslararas\u0131 baz\u0131 reg\u00fclasyonlara uymas\u0131 gerekiyor. \u00dczerinde bu sembol olmayan bir lasti\u011fin k\u0131\u015f lasti\u011fi oldu\u011funu s\u00f6ylemek yanl\u0131\u015f olur. E\u011fer lasti\u011fin \u00fczerinde k\u0131\u015f lasti\u011fi sembol\u00fcn\u00fcn alt\u0131nda M+S ibaresini de g\u00f6r\u00fcyorsan\u0131z, bu lastik \u00e7eki\u015fi artt\u0131r\u0131lm\u0131\u015f bir k\u0131\u015f lasti\u011fidir. E\u011fer sadece M+S i\u015fareti varsa ve k\u0131\u015f lasti\u011fi sembol\u00fc yoksa o zaman s\u00f6z konusu lastik, 4 mevsim lastiktir diyebiliriz. Lasti\u011fin \u00fczerindeki ok i\u015fareti lasti\u011fin d\u00f6nme y\u00f6n\u00fcn\u00fc, \u201coutside\u201d yaz\u0131s\u0131 da lasti\u011fin d\u0131\u015fa bakan taraf\u0131n\u0131 g\u00f6sterir.&#8221; font_container=&#8221;tag:p|text_align:left|color:%23888888&#8243; google_fonts=&#8221;font_family:Open%20Sans%3A300%2C300italic%2Cregular%2Citalic%2C600%2C600italic%2C700%2C700italic%2C800%2C800italic|font_style:400%20regular%3A400%3Anormal&#8221; css=&#8221;&#8221;]<\/div><\/div><\/div><\/div><div class=\"accordion\" id=\"accordion-lastik-ebat-olcumu-nedir-nasil-hesaplanir1\" role=\"tablist\" aria-multiselectable=\"true\"><div class=\"card panel panel-default\"><div class=\"panel-heading\"><h4 class=\"panel-title accordion-title\"><button class=\"btn btn-link panel-title accordion-toggle \" data-toggle=\"collapse\" data-target=\"#blsptAcc-169d0f1d0de80e\" aria-expanded=\"true\" aria-controls=\"blsptAcc-169d0f1d0de80e\"><strong>Lastik Ebat \u00d6l\u00e7\u00fcm\u00fc Nedir, Nas\u0131l Hesaplan\u0131r?<\/strong><\/button><\/h4><\/div><div id=\"blsptAcc-169d0f1d0de80e\" class=\"panel-collapse collapse\"><div class=\"card-body panel-body panel-content\">[vc_custom_heading text=&#8221;Arac\u0131n\u0131z\u0131n lastikleri, \u015f\u00fcphesiz ki otomobilinizin en \u00f6nemli g\u00fcvenlik unsurlar\u0131ndan birini olu\u015fturuyor. Lastik ebatlar\u0131n\u0131z ise bu g\u00fcvenli\u011fi destekleyici detaylar aras\u0131nda yer al\u0131yor.<\/p>\n<p>Her ne kadar lastiklerinizin a\u015f\u0131nma durumu, ya\u015f\u0131 ya da mevsime g\u00f6re lastik se\u00e7imi gibi etkenler \u00f6nemli olsa da arac\u0131n\u0131za uygun lastik ebatlar\u0131n\u0131 tercih etmeniz de bir o kadar m\u00fchim. Do\u011fru \u00f6l\u00e7\u00fclerde lastik se\u00e7imi yap\u0131lmad\u0131\u011f\u0131 takdirde, b\u00fcy\u00fck facialara sebep olabilecek lastik ebat \u00f6l\u00e7\u00fcleri ve hesaplanmas\u0131 hakk\u0131ndaki t\u00fcm merak edilenleri a\u00e7\u0131kl\u0131yoruz. Dilerseniz \u00f6ncelikle, lastik ebat \u00f6l\u00e7\u00fcm\u00fcne nereden eri\u015febilece\u011finize bakal\u0131m.&#8221; font_container=&#8221;tag:p|text_align:left|color:%23888888&#8243; google_fonts=&#8221;font_family:Open%20Sans%3A300%2C300italic%2Cregular%2Citalic%2C600%2C600italic%2C700%2C700italic%2C800%2C800italic|font_style:400%20regular%3A400%3Anormal&#8221; css=&#8221;&#8221;]<\/div><\/div><\/div><\/div><div class=\"accordion\" id=\"accordion-lastik-ebat-olcumu-nerede-yazar2\" role=\"tablist\" aria-multiselectable=\"true\"><div class=\"card panel panel-default\"><div class=\"panel-heading\"><h4 class=\"panel-title accordion-title\"><button class=\"btn btn-link panel-title accordion-toggle \" data-toggle=\"collapse\" data-target=\"#blsptAcc-269d0f1d0de80e\" aria-expanded=\"true\" aria-controls=\"blsptAcc-269d0f1d0de80e\"><strong>Lastik Ebat \u00d6l\u00e7\u00fcm\u00fc Nerede Yazar?<\/strong><\/button><\/h4><\/div><div id=\"blsptAcc-269d0f1d0de80e\" class=\"panel-collapse collapse\"><div class=\"card-body panel-body panel-content\">[vc_custom_heading text=&#8221;Arac\u0131n\u0131z\u0131n sahip oldu\u011fu lastikler, ne kadar iyi ve kural\u0131na uygun se\u00e7ilmi\u015f ise yol g\u00fcvenli\u011finiz de ayn\u0131 oranda art\u0131\u015f g\u00f6sterecektir. \u201cPeki, arac\u0131ma uygun lastik ebat \u00f6l\u00e7\u00fclerine nereden ula\u015faca\u011f\u0131m\u201d diye soranlardansan\u0131z, bu konuya a\u00e7\u0131kl\u0131k getirmek isteriz. Lastiklerinizin, yanaklar\u0131na dikkatlice bakt\u0131ysan\u0131z, \u00fczerinde yer alan baz\u0131 numaralar oldu\u011funu fark etmi\u015fsinizdir. Bunlar\u0131n biri, size lasti\u011finizin \u00f6mr\u00fc hakk\u0131nda bilgi verirken; di\u011feriyse lastiklerinizin ebatlar\u0131n\u0131 s\u00f6yl\u00fcyor olacakt\u0131r.<\/p>\n<p>Buradaki \u00f6nemli nokta, tak\u0131l\u0131 olan lastiklerinizin do\u011fru olup olmad\u0131\u011f\u0131 hususudur. E\u011fer ki arac\u0131n\u0131z s\u0131f\u0131r ise halihaz\u0131rda \u00fczerinde tak\u0131l\u0131 olan lastikler, size do\u011fru oran\u0131 verecektir. Fakat ikinci el bir ara\u00e7 sahibi iseniz, do\u011fru \u00f6l\u00e7\u00fcler i\u00e7in arac\u0131n\u0131z\u0131n benzin kapa\u011f\u0131na bakman\u0131z yeterli olacakt\u0131r. Burada g\u00f6rece\u011finiz \u00f6rne\u011fin; \u201c205\/55R16\u201d gibi rakamsal ifadeler, size lastik ebat \u00f6l\u00e7\u00fcs\u00fcn\u00fc g\u00f6sterecektir. Peki, bu anlam ne ifade ediyor?<\/p>\n<p>205, lasti\u011finizin kesit geni\u015fli\u011finin, milimetre cinsinden kar\u015f\u0131l\u0131\u011f\u0131n\u0131 s\u00f6yler. Di\u011fer yandan 55, lasti\u011fin kesit oran\u0131d\u0131r. Ancak, taban(s\u0131rt) geni\u015fli\u011fi olan 205\u2019in, y\u00fczdelik dilimdeki oran\u0131d\u0131r. Sondaki 16 ifadesi ise lasti\u011fin in\u00e7 cinsinden jant \u00e7ap\u0131n\u0131 g\u00f6sterir. G\u00f6r\u00fcld\u00fc\u011f\u00fc gibi lastik ebatlar\u0131n\u0131 okumak, olduk\u00e7a basittir.&#8221; font_container=&#8221;tag:p|text_align:left|color:%23888888&#8243; google_fonts=&#8221;font_family:Open%20Sans%3A300%2C300italic%2Cregular%2Citalic%2C600%2C600italic%2C700%2C700italic%2C800%2C800italic|font_style:400%20regular%3A400%3Anormal&#8221; css=&#8221;&#8221;]<\/div><\/div><\/div><\/div><div class=\"accordion\" id=\"accordion-lastik-ebat-olcumu-nasil-hesaplanir3\" role=\"tablist\" aria-multiselectable=\"true\"><div class=\"card panel panel-default\"><div class=\"panel-heading\"><h4 class=\"panel-title accordion-title\"><button class=\"btn btn-link panel-title accordion-toggle \" data-toggle=\"collapse\" data-target=\"#blsptAcc-369d0f1d0de80e\" aria-expanded=\"true\" aria-controls=\"blsptAcc-369d0f1d0de80e\"><strong>Lastik Ebat \u00d6l\u00e7\u00fcm\u00fc Nas\u0131l Hesaplan\u0131r?<\/strong><\/button><\/h4><\/div><div id=\"blsptAcc-369d0f1d0de80e\" class=\"panel-collapse collapse\"><div class=\"card-body panel-body panel-content\">[vc_custom_heading text=&#8221;Otomobil \u00fcreticinizin, belirledi\u011fi baz\u0131 lastik ebat \u00f6l\u00e7\u00fcleri bulunur. Bu \u00f6l\u00e7\u00fclerin d\u0131\u015f\u0131na \u00e7\u0131k\u0131lacaksa da ki\u015filerin, toplam lastik ebat \u00f6l\u00e7\u00fclerinin %3 oran\u0131ndan daha fazla ya da daha az de\u011fi\u015fiklik g\u00f6stermeyen lastik se\u00e7imi yapmalar\u0131 \u00f6nerilir. Burada dikkat etmeniz gereken, farkl\u0131 \u00f6l\u00e7\u00fcde bir lastik se\u00e7imi yapaca\u011f\u0131n\u0131zda %3 kural\u0131n\u0131 ihmal etmemenizdir. Peki, bu hesaplamay\u0131 nas\u0131l yapabilirsiniz?<\/p>\n<p>Yukar\u0131da, daha \u00f6nce verdi\u011fimiz 205\/55R16 \u00f6l\u00e7\u00fcs\u00fcn\u00fc baz alal\u0131m. 205, lasti\u011fin yere temas eden k\u0131sm\u0131 iken; 55 ise y\u00fczdelik orandaki ifadesi idi. \u015e\u00f6yle ki;<\/p>\n<p>205 x 0,55= 112,75 mm\u2019lik bir ifadeyi yani lasti\u011fin yanak y\u00fcksekli\u011fini temsil eder. Di\u011fer taraftan 1 in\u00e7, 25,4 mm\u2019yi ifade etti\u011fi i\u00e7in, 16 in\u00e7lik bir jant\u0131, yine milimetre hesab\u0131na \u00e7evirmemiz gerekecektir.<\/p>\n<p>16 x 25,4 = 406,4 mm ise jant\u0131n, mm cinsinden ifadesini g\u00f6sterir. Lasti\u011finizin y\u00fcksekli\u011fini hesaplamak i\u00e7in yanak y\u00fcksekli\u011fini ifade eden k\u0131sm\u0131n alt ve \u00fcst i\u00e7in toplam\u0131 ile 16 in\u00e7lik jant\u0131n mm cinsinden ifadesi olan 406,4\u2019\u00fc toplaman\u0131z gerekmektedir.<\/p>\n<p>Yani; 112,75 + 112,75 + 406,4 = 631,9 mm lasti\u011finizin y\u00fcksekli\u011fini ifade eder. \u0130\u015fte burada \u00e7\u0131kan 631,9\u2019luk ifadenin y\u00fczde %3 fazlas\u0131 ya da %3 eksi\u011fi, se\u00e7ece\u011finiz lasti\u011fin toplam y\u00fckseklik \u00f6l\u00e7\u00fcs\u00fcne denk d\u00fc\u015fmelidir.&#8221; font_container=&#8221;tag:p|text_align:left|color:%23888888&#8243; google_fonts=&#8221;font_family:Open%20Sans%3A300%2C300italic%2Cregular%2Citalic%2C600%2C600italic%2C700%2C700italic%2C800%2C800italic|font_style:400%20regular%3A400%3Anormal&#8221; css=&#8221;&#8221;]<\/div><\/div><\/div><\/div><\/div>[\/vc_column][\/vc_row][vc_row][vc_column]<div class=\"roof-partners\"><div class=\"roof-carousel\"\n           data-loop=\"true\" data-dots=\"false\" data-nav=\"false\" data-items=\"4\" data-margin=\"30\" data-items-tablet=\"3\" data-items-mobile-landscape=\"2\" data-items-mobile-portrait=\"1\"><div class=\"item\"><div class=\"roof-picture\"><a href=\"https:\/\/www.bridgestone.com.tr\/otomobil?gad_source=1&gclid=CjwKCAjw9IayBhBJEiwAVuc3foVveM2zrNcm4ucCCz1FBcy6CxVDDE2Hyda5Ak7bxplHrSAEyEowrRoC67YQAvD_BwE\" ><img decoding=\"async\" src=\"https:\/\/mobillastikcim.com\/wp-content\/uploads\/2024\/05\/bris-1.jpg\" alt=\"\"><\/a><\/div><\/div><div class=\"item\"><div class=\"roof-picture\"><a href=\"https:\/\/www.lassa.com.tr\/lastik-secici?gad_source=1&gclid=CjwKCAjw9IayBhBJEiwAVuc3fvHVxyrGA16qlu-eNrr9mbQkdhy-cxnm6rBDoS_F5olXg9QSYOQR9RoCYdMQAvD_BwE\" ><img decoding=\"async\" src=\"https:\/\/mobillastikcim.com\/wp-content\/uploads\/2024\/05\/las1-1.jpg\" alt=\"\"><\/a><\/div><\/div><div class=\"item\"><div class=\"roof-picture\"><a href=\"https:\/\/www.dayton.com.tr\/\" ><img decoding=\"async\" src=\"https:\/\/mobillastikcim.com\/wp-content\/uploads\/2024\/05\/day1-1.jpg\" alt=\"\"><\/a><\/div><\/div><div class=\"item\"><div class=\"roof-picture\"><a href=\"https:\/\/cms.com.tr\/tr\" ><img decoding=\"async\" src=\"https:\/\/mobillastikcim.com\/wp-content\/uploads\/2024\/05\/CMS.jpg\" alt=\"\"><\/a><\/div><\/div><div class=\"item\"><div class=\"roof-picture\"><a href=\"https:\/\/www.otopratik.com.tr\/\" ><img decoding=\"async\" src=\"https:\/\/mobillastikcim.com\/wp-content\/uploads\/2024\/05\/otopratik.jpg\" alt=\"\"><\/a><\/div><\/div><div class=\"item\"><div class=\"roof-picture\"><a href=\"https:\/\/www.mutlu.com.tr\/mutlu-aku-mobil?gad_source=1&gclid=CjwKCAjw9IayBhBJEiwAVuc3fkVDmh62Kcbg9q9EstFujILTE_0J-t7Iu9SR7UxWvP3zsHGAT7_c3BoC1ooQAvD_BwE\" ><img decoding=\"async\" src=\"https:\/\/mobillastikcim.com\/wp-content\/uploads\/2024\/05\/mutluaku.jpg\" alt=\"\"><\/a><\/div><\/div><div class=\"item\"><div class=\"roof-picture\"><a href=\"https:\/\/www.yigitaku.com\/\" ><img decoding=\"async\" src=\"https:\/\/mobillastikcim.com\/wp-content\/uploads\/2024\/05\/yigitaku.jpg\" alt=\"\"><\/a><\/div><\/div><div class=\"item\"><div class=\"roof-picture\"><a href=\"https:\/\/www.tr.varta-automotive.com\/tr-tr\" ><img decoding=\"async\" src=\"https:\/\/mobillastikcim.com\/wp-content\/uploads\/2024\/05\/varta.jpg\" alt=\"\"><\/a><\/div><\/div><div class=\"item\"><div class=\"roof-picture\"><a href=\"https:\/\/www.continental-tires.com\/tr\/tr\/?gad_source=1&gclid=CjwKCAjw9IayBhBJEiwAVuc3ftacRYyocqItYGRwM-0ZPVmvAYUTLSIIk9cAS1x891JMVncMPELf5xoCzIcQAvD_BwE\" ><img decoding=\"async\" src=\"https:\/\/mobillastikcim.com\/wp-content\/uploads\/2024\/05\/continantal-1.jpg\" alt=\"\"><\/a><\/div><\/div><div class=\"item\"><div class=\"roof-picture\"><a href=\"https:\/\/www.michelin.com.tr\/\" ><img decoding=\"async\" src=\"https:\/\/mobillastikcim.com\/wp-content\/uploads\/2024\/05\/msihlenlastik-1.jpg\" alt=\"\"><\/a><\/div><\/div><div class=\"item\"><div class=\"roof-picture\"><a href=\"https:\/\/www.pirelli.com\/tyres\/tr-tr\/otomobil\/teknoloji?gad_source=1&gclid=CjwKCAjw9IayBhBJEiwAVuc3fjVnRO1sbgrwKi4_RMXEcGNA9zw41Nep02txPTZ4_zMAvoUBXhsMxBoCjTsQAvD_BwE\" ><img decoding=\"async\" src=\"https:\/\/mobillastikcim.com\/wp-content\/uploads\/2024\/05\/prelli-1.jpg\" alt=\"\"><\/a><\/div><\/div><div class=\"item\"><div class=\"roof-picture\"><a href=\"https:\/\/www.hankooktire.com\/tr\/tr\/brand\/overview.html?gad_source=1&gclid=CjwKCAjw9IayBhBJEiwAVuc3fsVwPug31krtPziU1-injeeCk_9GNO6t3JtDv5-1a3eAFCiKMQT7phoCdiUQAvD_BwE\" ><img decoding=\"async\" src=\"https:\/\/mobillastikcim.com\/wp-content\/uploads\/2024\/05\/hankook-1.jpg\" alt=\"\"><\/a><\/div><\/div><div class=\"item\"><div class=\"roof-picture\"><a href=\"https:\/\/corporate.goodyear.com\/us\/en\/about\/history\/wingfoot-origin.html\" ><img decoding=\"async\" src=\"https:\/\/mobillastikcim.com\/wp-content\/uploads\/2024\/05\/goodyear-1.jpg\" alt=\"\"><\/a><\/div><\/div><div class=\"item\"><div class=\"roof-picture\"><a href=\"https:\/\/www.nexentire.com\/tr\/\" ><img decoding=\"async\" src=\"https:\/\/mobillastikcim.com\/wp-content\/uploads\/2024\/05\/nexenn-1.jpg\" alt=\"\"><\/a><\/div><\/div><div class=\"item\"><div class=\"roof-picture\"><a href=\"https:\/\/www.laufenn.com\/tr\/front\/tr_front\/index.do\" ><img decoding=\"async\" src=\"https:\/\/mobillastikcim.com\/wp-content\/uploads\/2024\/05\/laufennlastik-1.jpg\" alt=\"\"><\/a><\/div><\/div><div class=\"item\"><div class=\"roof-picture\"><a href=\"https:\/\/www.petlas.com.tr\/otomobil\" ><img decoding=\"async\" src=\"https:\/\/mobillastikcim.com\/wp-content\/uploads\/2024\/05\/petlasss-1.jpg\" alt=\"\"><\/a><\/div><\/div><div class=\"item\"><div class=\"roof-picture\"><a href=\"https:\/\/www.kumho.com.tr\/\" ><img decoding=\"async\" src=\"https:\/\/mobillastikcim.com\/wp-content\/uploads\/2024\/05\/kumhooo-1.jpg\" alt=\"\"><\/a><\/div><\/div><\/div><\/div>[\/vc_column][\/vc_row]<\/p>\n<\/div>","protected":false},"excerpt":{"rendered":"[vc_row][vc_column][vc_empty_space][vc_custom_heading text=&#8221;Biz Kimiz&#8221; font_container=&#8221;tag:h2|text_align:left|color:%23232323&#8243; google_fonts=&#8221;font_family:Raleway%3A100%2C200%2C300%2Cregular%2C500%2C600%2C700%2C800%2C900|font_style:700%20bold%20regular%3A700%3Anormal&#8221; css=&#8221;&#8221;][vc_column_text css=&#8221;.vc_custom_1716141223871{margin-top: 25px !important;margin-bottom: 25px !important;}&#8221;] 2011 Y\u0131l\u0131ndan itibaren sekt\u00f6rde sat\u0131\u015f ,pazarlama ve teknik hizmet alanlar\u0131nda lider \u00fcreticilerde profesyonel olarak \u00e7al\u0131\u015ft\u0131ktan sonra ,2017 Tarihinde Ticari faaliyete ba\u015flayan firmam\u0131z LASSA-BRIDGESTONE BAY\u0130L\u0130\u011e\u0130N\u0130 yapmaktad\u0131r. ENKA OTO LAST\u0130K\u00a0 T\u00fcrkiye\u2019de Lassa ve Bridgestone lastiklerinin \u00fcretimini ger\u00e7ekle\u015ftiren Brisa\u2019n\u0131n\u00a0 bayili\u011fini yapmaktad\u0131r. [\/vc_column_text][\/vc_column][\/vc_row][vc_row][vc_column][vc_empty_space][\/vc_column][\/vc_row][vc_row overlay_dotted=&#8221;&#8221;][vc_column width=&#8221;1\/2&#8243;][vc_custom_heading text=&#8221;Neden Bizi Se\u00e7melisiniz?&#8221;[&#8230;]","protected":false},"author":1,"featured_media":0,"parent":0,"menu_order":0,"comment_status":"closed","ping_status":"closed","template":"","meta":{"om_disable_all_campaigns":false,"_monsterinsights_skip_tracking":false,"_monsterinsights_sitenote_active":false,"_monsterinsights_sitenote_note":"","_monsterinsights_sitenote_category":0,"_uf_show_specific_survey":0,"_uf_disable_surveys":false,"footnotes":""},"class_list":["post-301","page","type-page","status-publish","hentry"],"aioseo_notices":[],"_links":{"self":[{"href":"https:\/\/mobillastikcim.com\/index.php\/wp-json\/wp\/v2\/pages\/301","targetHints":{"allow":["GET"]}}],"collection":[{"href":"https:\/\/mobillastikcim.com\/index.php\/wp-json\/wp\/v2\/pages"}],"about":[{"href":"https:\/\/mobillastikcim.com\/index.php\/wp-json\/wp\/v2\/types\/page"}],"author":[{"embeddable":true,"href":"https:\/\/mobillastikcim.com\/index.php\/wp-json\/wp\/v2\/users\/1"}],"replies":[{"embeddable":true,"href":"https:\/\/mobillastikcim.com\/index.php\/wp-json\/wp\/v2\/comments?post=301"}],"version-history":[{"count":17,"href":"https:\/\/mobillastikcim.com\/index.php\/wp-json\/wp\/v2\/pages\/301\/revisions"}],"predecessor-version":[{"id":3006,"href":"https:\/\/mobillastikcim.com\/index.php\/wp-json\/wp\/v2\/pages\/301\/revisions\/3006"}],"wp:attachment":[{"href":"https:\/\/mobillastikcim.com\/index.php\/wp-json\/wp\/v2\/media?parent=301"}],"curies":[{"name":"wp","href":"https:\/\/api.w.org\/{rel}","templated":true}]}}